 x and 16?
4
Let a(z) = -z**2 - 17*z - 14. Let v be a(-16). Suppose -4*f + 4*i + 0*i = -52, -2*f - v*i = -22. Let k = -8 + f. What is the highest common divisor of k and 8?
4
Let i(t) = 5*t + 4. Let p = 18 - 22. Let x be i(p). Let q = -13 - x. What is the greatest common divisor of q and 33?
3
Suppose -5*p + 10 = 0, -19*p = -2*j - 17*p + 2372. Calculate the greatest common divisor of j and 9.
9
Let h be (-4)/(28/8 + -4). Suppose -20 = 6*u - h*u. Suppose -i + u = -2. What is the greatest common factor of i and 30?
6
Let y(n) = -n**2 + 2*n - 1. Let c be y(1). Let j be c - ((-6 - -3) + 3). Suppose j*s + s - 28 = 0. Calculate the greatest common divisor of 70 and s.
14
Let v be 2 - 6 - (-744)/31. Suppose 2*n = 4*n + 38. Let y = n + v. What is the greatest common divisor of y and 1?
1
Suppose -j = -4*d - 40, 2*d = -4*j + d + 75. What is the highest common factor of j and 100?
20
Suppose 0 = 3*y + q - 411, q + 686 = 5*y + 3*q. Calculate the highest common factor of 40 and y.
8
Suppose 2*y + 2*p - 80 = 0, 5*p + 52 = y - 0*y. What is the greatest common divisor of y and 14?
14
Let u(i) = 2*i + 4. Let f be u(-1). Suppose -f*c = 2*d - 438, -6*c + 2*c = -3*d + 664. Calculate the greatest common divisor of d and 20.
20
Let d be (-36)/(-48) + (-3)/4. Suppose -4*m + u + 5 = d, 36 = -2*m - 5*u + 11. Suppose -2*f - 2*f + 40 = m. What is the greatest common factor of f and 4?
2
Suppose 0 = -9*c + 10*c - 4. Suppose 5*d = c*p + 3 - 21, 0 = 4*p + 3*d - 34. What is the greatest common divisor of p and 56?
7
Suppose 2 = -s - 3*o, 3*s + 16 = 2*o - o. Let t(q) = -1 + 2 - 5 - 2*q. Let g be t(s). Calculate the greatest common divisor of g and 30.
6
Let p be ((-144)/(-324))/(2/171). Calculate the highest common divisor of 475 and p.
19
Let q be 2/((1/1)/23). Suppose 4*b - 1960 = -6*b. Let z = -127 + b. What is the greatest common factor of z and q?
23
Suppose 2*r - 30 = 96. Let c be r/18*8/14. Calculate the greatest common factor of 16 and c.
2
Let h be 28 - -1 - (6 - 7). Suppose 5*d - 20 = 0, 2*d = -3*o + 6*d + 119. Calculate the highest common divisor of o and h.
15
Suppose -95*j = -60*j - 1120. Calculate the greatest common divisor of j and 4.
4
Let g = 437 - 120. Suppose 4*x - g = -93. Let a = -13 + 20. Calculate the highest common factor of x and a.
7
Let s(l) = -l**3 + 8*l**2 - 4*l. Let d be s(5). Let w(m) = m**3 + 18*m**2 + 16*m - 12. Let u be w(-17). Calculate the greatest common factor of u and d.
5
Suppose 1 = s + 2. Let d be -1*(-2)/(-1) - (10 - 10). Let m be (-34)/s - (6 + d). What is the highest common factor of 75 and m?
15
Let o be (164/(-3))/(((-140)/21)/10). Let h = 128 - o. Calculate the greatest common factor of 184 and h.
46
Suppose h = -4*h + 25. Suppose w = 19 - 1. Let p be 10*(-42)/4*(-6)/w. Calculate the greatest common factor of p and h.
5
Suppose 0*c - 9 = -h - 3*c, -4*h = -5*c - 70. Suppose 2*k = -o + h, 4*k = k + o + 25. Let z = -25 - -57. What is the greatest common factor of k and z?
8
Let a = -17 - -18. Let b(m) = 7*m**3 + m**2 - m + 1. Let y be b(a). Suppose 3*r - 4*r = -y. Calculate the greatest common divisor of r and 24.
8
Suppose 37*z + 873 = 46*z. Calculate the greatest common factor of z and 679.
97
Suppose -33 - 23 = -2*z. Calculate the greatest common factor of 20 and z.
4
Let f be 8/2*4/(32/10). Suppose 3*o + 5*u - 64 = o, f*u = 2*o - 24. Calculate the greatest common divisor of 11 and o.
11
Suppose 67 = p - c + 5*c, 0 = 4*p - 2*c - 358. What is the greatest common divisor of p and 58?
29
Let l be ((-5)/3)/(6/((-972)/45)). Let d be 1/(-2) + (-6)/4. Let j be (-8)/(-2) - (d - l). What is the greatest common factor of j and 12?
12
Suppose -12982 = 16*h - 34886. Calculate the highest common divisor of 37 and h.
37
Suppose 4*o = 3*f - 9, 5*f - 3*o = -o + 29. What is the greatest common factor of 189 and f?
7
Suppose 0*m + 5*u + 9 = 2*m, -2*u = -m + 4. Suppose 20 = -m*q + 8. Let p be 86/11 + q/(-33). What is the highest common factor of p and 56?
8
Suppose 0 = -0*w - 3*w + 15. Let p be ((-1)/3)/(w/(-480)*2). What is the greatest common divisor of p and 72?
8
Let z(v) = -v + 10. Let o be z(10). Suppose -a - k - 46 = o, -4*k - 146 = 3*a - 3*k. Let p = a + 90. Calculate the highest common divisor of p and 8.
8
Let c be (-13)/(-4) + (-1)/4. Suppose l = 4*v - 117, -4*v + 17*l = 18*l - 123. What is the highest common divisor of c and v?
3
Let m(c) = c**2 - 6*c - 11. Let w be m(8). Suppose -w*y + 2*y + 51 = 0. Calculate the highest common factor of 34 and y.
17
Let z(i) = i**2 + 5*i + 2. Let t be z(-5). Suppose 0 = 5*d + 25, 29 = 2*k - t*d - 9. Calculate the greatest common factor of 7 and k.
7
Let q be 3/(6/8)*9. Suppose -5*x - 58 = -5*n - 53, 12 = 4*x. What is the greatest common factor of q and n?
4
Let g(k) = -10*k + 10*k - 81*k. Let s be g(-1). Calculate the greatest common divisor of 9 and s.
9
Let u(l) = -79*l - 84. Let z be u(-6). What is the greatest common factor of 30 and z?
30
Suppose -6*h = -2*h - 224. Suppose 18*o + 4*i + 48 = 22*o, 0 = -3*o - 4*i + 1. What is the highest common divisor of h and o?
7
Suppose -5*w = 1 - 91. Suppose -4*y = 5*u - w, -y + 1 = -3*u + 5. Suppose u*v + 2 = 5*k - 73, v = 2*k - 31. Calculate the highest common divisor of k and 104.
13
Suppose 0 = z - 4*z + 216. Suppose 5*u + 3*j + 10 + 8 = 0, -5*u - 17 = 2*j. Let f be 2 + u - (-1 - 9). Calculate the greatest common factor of f and z.
9
Suppose 6*s - s - 220 = 0. Let d be (3*s/12)/1. Suppose 4*h = -h + 55. Calculate the greatest common factor of h and d.
11
Let a(k) be the first derivative of -k**4/4 + 3*k**2 - 4*k + 2. Let s be a(-5). Calculate the highest common divisor of s and 13.
13
Suppose -772*b + 773*b = 15. What is the highest common factor of b and 60?
15
Suppose 7*h + 983 = 9012. Calculate the highest common divisor of h and 31.
31
Let g be ((-22)/8)/(6/(-48)). Let s = 107 - 19. Calculate the greatest common factor of s and g.
22
Let m(f) be the second derivative of f**4/6 - f**3/6 - f**2/2 - 11*f. Let d be m(-3). What is the greatest common divisor of d and 40?
20
Suppose -417*y + 441*y = 4368. Calculate the greatest common divisor of y and 1365.
91
Suppose -98 = 9*o - 467. Calculate the greatest common divisor of 1 and o.
1
Let x(d) = -d**3 + 1. Let a(o) = -4*o**3 - 13*o**2 - o + 10. Let m(z) = a(z) - 3*x(z). Let g be m(-13). Calculate the greatest common divisor of g and 10.
10
Suppose -2*s - 4*m = -16, -6 = 3*s - 4*m - 0*m. Let u = -53 - -67. Calculate the highest common factor of s and u.
2
Suppose -2*b = 292 - 306. Calculate the greatest common factor of 161 and b.
7
Let c = -215 - -343. Let m be 1 - -1 - (-20)/10. Suppose -120 = -m*l - 4*b, 0*l + l = b + 34. What is the greatest common divisor of l and c?
32
Let n(z) = z**2 + 3*z + 10. Suppose -12 - 16 = 7*t. Let h be n(t). Calculate the highest common divisor of h and 56.
14
Let k(m) = -m**3 + 7*m**2 + 13*m + 26. Let w be k(8). What is the highest common divisor of w and 297?
33
Suppose o = 3*o - 12. Let l = 0 + 7. Suppose -6*a = -5 - l. Calculate the highest common divisor of a and o.
2
Let b be 4 + -4 + -2 + 5. Let t be 1 + -1 - 102/(-9)*b. What is the greatest common factor of t and 102?
34
Suppose -5*d + 33 + 67 = 0. Let l be ((-375)/d)/(3/(-36)). Calculate the greatest common divisor of l and 25.
25
Let d = -80 + 85. Suppose -3*k + 3*g + d = -2*k, 3*g + 37 = 5*k. Let x = 5 + -4. What is the highest common factor of x and k?
1
Suppose 5*f - 2*n = 723, -f - 4*n = -63 - 64. Calculate the greatest common factor of 13 and f.
13
Let j = 146 - 64. Suppose 0 = -5*f + 3*g + j, -25 = -3*f + 5*g + 37. What is the highest common divisor of 56 and f?
14
Let a = -181 + 206. What is the highest common factor of a and 800?
25
Suppose 452*c - 446*c - 1140 = 0. What is the highest common factor of 40 and c?
10
Let c be 701/4 + (-60)/(-80). What is the greatest common divisor of c and 32?
16
Let r(a) = -8*a**2 - 3*a + 3*a**2 - 3*a + 6*a**2. Let p be r(6). Suppose p = 4*j + 43 - 811. Calculate the highest common divisor of 24 and j.
24
Suppose -4*p = -2*p - 14. Suppose p*i - 14 = 84. Calculate the greatest common factor of i and 35.
7
Suppose -20*y + 30785 = 9345. What is the greatest common factor of y and 8?
8
Let y be 5 + 0 + 1/(-1). Suppose y*c + 0*c - 8 = 0. Suppose -6 - 16 = -c*m. What is t